 of (-17 + -27 - -30) + 84?
70
What is the value of 97 - -43 - 111 - (88 + 1)?
-60
Evaluate (-16 - -33 - 16 - 62) + -34.
-95
What is -22 + (16 - (2 - (-26 - -24)))?
-10
Calculate -18 - (-7 + 12 + (-7 - -5) + -4).
-17
What is -53 - -1 - (48 + -59) - (-1 + -3)?
-37
What is the value of 1 + 22 - (-141 - (-75 - 28))?
61
What is (-15 - (111 - 7)) + (-12 - (-51 + 29))?
-109
What is the value of 1 + -1 - (-277 - -279) - 8?
-10
Calculate 3 + ((55 - 64) + 0 + 8 - -3 - 23).
-18
Evaluate 2 + (-10 + (32 - 35) - -127).
116
Calculate -105 + (200 - 92) + 35.
38
Calculate 6 - (34 + 5 - 42).
9
-1 + -4 + 41 - (1219 + -1183)
0
What is the value of -253 + 348 + (-2 - -13)?
106
Calculate (33 - (-2 - (-6 - 0))) + 189 + -179.
39
What is 29 + 7 + (-11 - (-3 + -2)) + (2 - 0)?
32
Evaluate ((-6 - (6 - 10)) + -4 - -6) + -25.
-25
Calculate 115 + -95 + 51 + 47 - (3 + -3 + -7).
125
Evaluate (10 - 8) + -12 - -11 - 5 - -52 - -5.
53
What is 2 + 99 + (151 - 230)?
22
Evaluate 14 - (9 + 19 + (-3 - 16 - -48)).
-43
Calculate 42 - 13 - (678 + -570).
-79
Evaluate -70 - (-47 - (-8 - -112)).
81
Calculate -55 - -18 - (26 + -24).
-39
What is the value of -1366 - -1311 - (68 + 3)?
-126
-2 - 84 - (2937 + -3014)
-9
Evaluate -41 - (-75 + 11 + 3).
20
Calculate (-13 + 21 + -17 - (-3 - -112)) + -21 + 5.
-134
(-19 - (-65 + 25) - 8) + 0 + -1 + -14
-2
What is the value of (-12 - -23) + -19 + 22 - -17?
31
Calculate 6074 + -5975 + (0 - 0).
99
What is the value of -6 + 20 + -62 + 43 - -5?
0
What is the value of 14 + (-3 - 3) + -3 + -155 + 161?
11
Calculate (-96 - 1) + -3 + (-164 + 150 - -30).
-84
What is the value of (-5 - 10 - (-3 - 3) - -2) + 8 + 5?
6
Calculate (13 - (-1 - -2)) + -93 + 26 + (-71 - -43).
-83
What is -4 + (0 - -2) - (2 + 7 + 12 + -30)?
7
67 + (-12 - (-18 - -14)) + (12 + -18 - -15)
68
Calculate -36 + 6 - (228 - 249).
-9
Evaluate (-2 - (-12 + 51 - 3 - (7 - 1))) + 5.
-27
Evaluate -9 + 2 + 1 + (15 - 8) + (199 - 269).
-69
What is -91 + (-117 + 124 - (-4 + 1))?
-81
What is the value of -17 + 88 - 3 - (4 + -42)?
106
Evaluate (-20 - (-4 + -1)) + (-278 - -295).
2
What is the value of -53 + 1 + 8 + (-52 - -102) + -60?
-54
Evaluate 183 + -118 - (20 - -23).
22
Calculate -2 + (-45 - -50 - 35).
-32
What is -4 + (49 - 2) + (-2 - 22)?
19
(2 - 8) + (-23 - -14) + 17 - (-38 - 2)
42
Evaluate -1 + 34 - ((-108 - -128) + -53).
66
Calculate 0 + (-6 - 119) + (-2 + 2 - (-25 + 18)).
-118
-23 - -2 - (424 - 546)
101
Calculate 86 - ((-18 - -22) + -61).
143
Calculate (48 - (13 - -7)) + 7 + (-4 - (3 - 6)).
34
Evaluate 4 + (-4 + -2 - (38 - 52) - 18) - -1.
-5
Calculate -30 + (31 - (-6 - (-11 - 19))).
-23
Evaluate 37 + -47 - (1 + 17 + -22 + 1 + -3).
-4
What is the value of 1 + (-22 - -19) + (-3 + 56 - (5 + -10))?
56
Calculate 7 - (-16 + 11 - (-1 + -1 - -4)) - -1.
15
Evaluate -37 + (0 - (-3 - -11)) - (-1 - (5 + -8)).
-47
Calculate 0 + 5 + (1226 - 1227).
4
What is the value of -55 - -98 - 19 - (-1 + -6 + 1)?
30
Evaluate 72 - (137 + 127 + -247).
55
What is -98 + -92 + 46 + 119?
-25
What is (44 - 8 - 16) + -2?
18
Calculate -12 - (22 + 8) - -3.
-39
Calculate 25 + 11 - (81 + -38 + -48).
41
What is the value of 13 - 17 - (-7 + -10 + (-8 - -9))?
12
Evaluate -8 - (-12 + (-3 - (3 - 3)) + 37 + -47).
17
Evaluate 16 - (-28 + (11 - 5 - 30)).
68
What is the value of -7214 - -7196 - (1 + 0 - 11)?
-8
What is the value of -23 - 18 - (51 + -47)?
-45
What is 449 - 386 - (3 + 9)?
51
Calculate (453 - 521) + 1 + 32.
-35
What is 23 + -100 + 59 - -30?
12
What is (3 - -33) + -61 - -50?
25
Calculate (0 - 73) + -19 + 0 + (463 - 453) + 12.
-70
Calculate (-2 - -31) + (334 + -264 - -1).
100
What is -2 + -52 - ((-22 + -8 - -9) + 16)?
-49
Evaluate (-1 - -1) + (-13 - (-10 - (34 + -23))) - 11.
-3
Evaluate 13 + (-5 + -11 - -7 - -3) + -40.
-33
Evaluate 24 + (18 - 54) + (69 - 0) - (-5 + 11).
51
Calculate -4 + -2 + (-8 - (-10 - -6) - -39).
29
Calculate -2 - (-6 + 3) - (48 + (50 - 107)).
10
Evaluate (-94 + 22 - -83) + -3.
8
Evaluate -59 + 46 + (-3 - (-3 - 9)) + (49 - -8).
53
Calculate (8 - -6) + -43 + 27 + 4.
2
What is (38 - (55 - (-12 + 24))) + (-2 + 1 - -14)?
8
Evaluate 90 - 19 - -73 - 68.
76
What is 111 + (-13 - 146 - -117)?
69
(35 - 3) + 5 - (-89 - -30 - -54)
42
What is the value of -6 - (-17 - 3) - 11?
3
-9 + 14 - 23 - (11 + -5)
-24
What is the value of 5 - ((-10 + 11 - 9) + 26) - -3?
-10
-1 - ((56 - 35) + 19)
-41
What is the value of 86 + 28 + -39 + 9 + -11?
73
What is (-7 - -10) + (15 - -67 - -1) + 5?
91
-5 - (28 + (-40 - 7)) - -24
38
Calculate -145 - (150 + -153 - (1 - 7 - 5)).
-153
What is (-1681 - -1707) + (0 + 2 - 11)?
17
Calculate 15 + 8 + -12 + 5 + -9 - (-18 - 1).
26
Evaluate 48 + (-3 - ((-8 - -24) + 4 + -10)).
35
Calculate -29 + 77 + -43 + -51.
-46
(10 + -2 - 23 - (-32 + 51)) + (3 - -1)
-30
What is the value of (0 - 2) + 11 - (-12 + 16) - (-371 + 278)?
98
Calculate -20 + ((42 + -19 - 16) + -11 - 18).
-42
-10 + (-6 - -2 - -1 - (-9 - 6 - 18))
20
Calculate 8 + -1 - ((-25 - -17) + (108 - 50)).
-43
Calculate (-7 - -6) + -4 + -6 - (-1 - -6).
-16
What is the value of -31 + 79 + -39 - -29?
38
What is the value of 165 + -165 + (0 - -1) + -8 - (-41 - -32)?
2
Evaluate -37 - (1 + (-52 - -40) - (8 + -2)).
-20
Calculate -99 - -92 - (-63 - (2 + (-8 - 1))).
49
Calculate 41 - 28 - (4 + -2 - -26).
-15
What is -1 + (-5 - 2) - (68 - (35 + -30))?
-71
What is -22 + 92 - ((8 + -7 - 2) + 2)?
69
What is -25 + -6 + -5 + (23 - -1) + 23?
11
-33 - (-192 - 11) - 94
76
What is the value of (-33 + 93 - 65) + -3 + 46?
38
49 + -47 + -6 + 26
22
Evaluate 209 + (-7 + -33 - 64).
105
Calculate 17 - (15 - (-89 + 92)).
5
Evaluate 52 - (-17 - (-34 + -89)).
-54
209 + -214 - (1 + (4 - 6) - -23)
-27
What is 2 + -8 + (-16 - (-44 - -15)) + 12?
19
-30 - -38 - (1 + 1 + (4 - (2 - -23)))
27
2 + 1 - (11 + 17 + -25 - -16)
-16
What is the value of (85 - 61) + -66 - -3?
-39
(-62 - (100 - 284)) + 9
131
Evaluate 27 - -16 - (43 + -58).
58
Evaluate (0 - 56) + 260 + -248.
-44
67 - (121 - 27) - -94
67
What is the value of (4 + (0 - 11) - 7) + (-42 - 23)?
-79
What is 12 + -38 + 2 + -3 - -35?
8
1 + 8 - (-252 + 273) - -49
37
What is (-2 + -13 - (-19 + 13)) + -14 + 2 + 38?
17
What is the value of -23 + 10 + 0 + -1 + -2?
-16
Calculate 5 + (-14 - (-6 - (-11 - (10 + -24)))).
0
Calculate 87 - 15 - 20 - (-8 - (-3 + 7 + -12)).
52
Evaluate 1 + (-17 - -17) + (-3 - 1 - 48).
-51
Evaluate 34 - (-39 + 25) - 5.
43
Evaluate -115 + (-125 - -227) + -40.
-53
Calculate 24 - 94 - (-33 + 8 + 4).
-49
-13 + (-1 - -96) + -5 + (11 - (-4 - -6))
86
Evaluate 11 + 33 - (-16 - -46) - -15.
29
151 - (87 + -15 + 95)
-16
What is the value of (-4 - (-21 - (11 + 16 - 25))) + 121?
140
What is the value of (1 - -2) + (-602 - -578)?
-21
What is (-11 - 9) + (44 - -26) - (1 - -2)?
47
What is -32 + 50 + 23 - 59?
-18
What is -31 - (-34 - -29 - (6 + -3 - 2))?
-25
Evaluate 58 + (-57 - 22) + 12.
-9
What is (-5 + -35 - (25 + -20)) + (11 - 2)?
-36
Calculate 8 + 13 + (5 - (8 + -6) - 18).
6
Calculate 7 + -113 + -55 + 54 + 29.
-78
What is the value of (35 - 53) + -73 + 44?
-47
What is 11 + (62 + (16 - 9) - 18)?
62
What is 10 + -14 + (-17 - (12 + 18))?
-51
-43 - (-56 + 96 + -97)
14
What is 106 + (5 - 9) + -55?
47
Evaluate -23 + 70 + 10 + 4.
61
Calculate -41 - (-9 + 13 + -5) - (19 + -11 + -2).
-46
Evaluate 163 - (-98 + 241 + -38).
58
Evaluate (4 - 5) + -17 + 2 + 9 - -57.
50
What is the value of (-26572 - -26466) + (-23 - (0 + 2))?
-131
What is the value of (139 - 75) + -65 + (0 - (-2 + 0)) + -143?
-142
Calculate (-34 - -12) + 63 + -94.
-53
What is the value of (-288 - -277) + (3 - 1 - -21) - (-46 + -6)?
64
Calculate -38 - (-22 + 12 + (27 - 22)).
-33
What is the value of 0 + (-9 - -10) - (127 - 167)?
41
What is -3 + -7 + 10 + -10 - -1 - -35?
26
What is 37 + (-70 - (24 + -46))?
-11
What is (265 + -182 - 124) + (44 - 1)?
2
What is the value of -5 + (37 - 72 - -28)?
-12
Calculate -3 + (-35 - (38 + -74)) + (-3 - -1) - -121.
117
Calculate 1 - 32 - -49 - 6.
12
Calculate (1 + 3 - ((-6 - 35) + 4)) + 20 + -30.
31
Evaluate 10 - (-9 - -4 - (-34 - -25)) - 1 - 39.
-34
What is (5 + 6 - -7) + (7 - -6)?
31
Calculate (2800 - 2746) + (32 - 2).
84
Evaluate 20 - (60 - 32 - 14) - 4.
2
Calculate (-48 - -1) + -277 + 299.
-25
0 + -43 - (-10 + (1 - (-4 - 13)))
-51
What is 15 - (20 + (-19 + 11 - (6 + 0))) - 9?
0
What is -13 - (-3 + -1) - (69 + -9 - 92)?
23
What is 1 + -1 - (-8 + 